*h + 25 + 3*h - h**2 - h + 2*h. Let k be q(9). Let r(t) = -11*t + 1. Determine r(k).
23
Let s(k) be the first derivative of 9/2*k**2 - 3*k - 136 + 1/3*k**3. Determine s(-5).
-23
Suppose -436 = 28*x - 21 + 89. Let q(y) = -y**2 - 16*y - 39. Determine q(x).
-75
Let s(c) = 13*c**3 - 4*c**2 - 3*c. Let r(f) = 58*f**3 - 15*f**2 - 11*f. Let x(t) = 2*r(t) - 9*s(t). Suppose 15 = g + 4*m, -4*m = -2*m - 4. Give x(g).
-14
Let a be ((-4)/3)/(1/(-39)). Suppose 4*z - 3*y = -21 + a, -4*y = 3*z - 17. Let h(x) = x - 10. Determine h(z).
-3
Let r(p) = 3*p**2 - 12*p - 9. Let y(j) = -4*j**2 + 13*j + 9. Let d(z) = 5*r(z) + 4*y(z). Let b = 187 - 169. Let i be ((-6)/b)/((-2)/(-48)). Calculate d(i).
-9
Let j(q) = -2*q - 66862*q**2 + q**3 - 4*q + 5 - q + 66871*q**2. Calculate j(-10).
-25
Suppose 2*j + 10 = -5*f, -j = -0*j. Let p(x) = 22*x - 14. Let r(k) = -2*k + 1. Let y = 440 + -452. Let a(z) = y*r(z) - p(z). What is a(f)?
-2
Let o(i) = i**3 - 23*i**2 + 23*i - 21. Suppose 766*q + 2760 = 761*q. Let m = 574 + q. Give o(m).
1
Suppose 4*m + 3*f - 3 - 23 = 0, -3*m = f - 17. Let c = 83 - 37. Let x(l) = c*l - 50*l + 1 + 0. Determine x(m).
-19
Let y(j) be the first derivative of j**4/4 + 4*j**3/3 - 4*j + 159. Let k(w) = w - 5*w - 13 - 2 + 6*w. Let i be k(6). What is y(i)?
5
Let w(d) = 31*d**2 + 915*d - 4. Let a(m) = -17*m**2 - 499*m + 1. Let g(h) = -11*a(h) - 6*w(h). Let t(p) = -p**2 - 6*p - 5. Let k be t(-5). Determine g(k).
13
Suppose 2*r = 5*i + 15, 4*i - 556 = 5*r - 602. Let y(s) = 9*s - 84. Determine y(r).
6
Let j(p) = -107*p**3 - 2*p**2 - p + 2. Let r(h) = -3*h**3 - 17*h**2 + 8*h + 13. Let q be r(-6). Calculate j(q).
-108
Let d(j) = -491*j - 489*j - 487*j + 1465*j + 33. Determine d(20).
-7
Let s = -226 - -233. Let j(b) = -6*b - 2. Let k(c) = -13*c - 5. Let w(l) = 7*j(l) - 3*k(l). Give w(s).
-20
Let u(o) be the first derivative of 83 + 5/2*o**2 - o**3 - 1/4*o**4 + 4*o. Let l = 3 - 6. Calculate u(l).
-11
Let r = -515 - -494. Let c(z) = -5*z**2 - 103*z + 46. Give c(r).
4
Let y(p) = 28*p**2 + 7*p + 63. Let l(u) = 7*u**2 + 2*u + 18. Let q(g) = 7*l(g) - 2*y(g). Calculate q(1).
-7
Let x(d) = 21*d**2 + 1. Let s be (110/1)/(-5) - -5 - 2. Let u be (-21 - s)*2/(-4). Calculate x(u).
22
Suppose 0 = -4*r - 3*h + 108, 4*h - 54 = 31*r - 33*r. Let k(v) = 3*v - 70. Calculate k(r).
11
Let k be (-2)/(0 + -1 + -1). Let t(u) = 11*u**3 - 2*u**2 - 10*u - 5. Let s(g) = 5*g**3 - g**2 - 4*g - 2. Let y(r) = 5*s(r) - 2*t(r). What is y(k)?
2
Suppose 2*f - 6 + 2 = 0. Suppose -3*x = 4*p - p - 24, 0 = -f*x + 2*p. Let h(c) = -289 + 147 + c - 6*c + 3*c + 145. Determine h(x).
-5
Let a be (170/(-30))/((-374)/132). Let d(l) = -l**3 - l + 4. Calculate d(a).
-6
Let g(z) = -z**3 + 5*z**2 + 3*z - 1. Suppose -9*r - 12 = -7*r, 5*o - 2 = -3*r. Calculate g(o).
27
Let s(c) = 3*c - 11*c + 1 - 2 - 1 - 3*c**2 + 5. What is s(-6)?
-57
Let x(u) = -u + 12. Suppose 163 - 185 = 2*q. Calculate x(q).
23
Let f(d) = d - 118858 - 6*d + 118783 + d**2. Calculate f(11).
-9
Let r be (1/10 - (-3060)/(-600))*-1. Let m(x) = -4 + 7*x + 2 - 5*x**2 + x**3 - 4*x. What is m(r)?
13
Let r(j) = -4*j**2 + 1 - 262*j**3 + 276*j**3 - 2*j + 3*j. Let g(s) = s**2. Let q(b) = 5*g(b) + r(b). Determine q(-1).
-13
Let b(o) = -o + 9. Let h be b(15). Let n be ((-4)/h)/(6/27). Suppose f + n*r - 7 = 0, 4*r = 3*f - 0*f + 5. Let a(w) = 2*w**3 - w**2 + 2*w - 1. Calculate a(f).
2
Let w(h) = -74*h - 13. Let q(n) = -11*n - 2. Let d(a) = -6*q(a) + w(a). Suppose 4*x - 8*x = -16. Suppose 4*m + 2*i + 4 = x*i, 3 = -3*m - 3*i. Calculate d(m).
7
Let p(d) be the first derivative of d**2 - 2. Suppose 0*g + 2*g = -4*j + 22, -2*g + 5*j - 23 = 0. What is p(g)?
2
Let w(b) = -b**3 - 21*b**2 - 38*b - 2. Suppose 148*u + 384 = 25*u - 1953. Calculate w(u).
-2
Let a(k) = 5*k + 12. Let x(z) = -9*z - 22. Let c(h) = 5*a(h) + 3*x(h). Suppose 0*o = -2*o + 6. Suppose 0 = o*g + b - 12 - 6, 2*g - 2*b - 4 = 0. What is c(g)?
-16
Let i(w) be the third derivative of -w**5/15 + 25*w**4/12 - 10*w**3/3 - w**2 + 15. Let j(n) = -n**2 + 12*n - 5. Let h(u) = -2*i(u) + 9*j(u). What is h(6)?
7
Suppose 50 = 6*w + 26. Let x(v) = 12*v + 2 + 2 + 3 - 2 - 2*v. Determine x(w).
45
Let z be (1008/(-35))/((-3)/(-15)). Let c = 138 + z. Let q(b) = 84*b**2 - 2*b - 83*b**2 + 5*b + 5. Determine q(c).
23
Let y(g) = 2*g**3 - 13*g**2 + 3*g - 9. Let s = -14308 + 14314. Determine y(s).
-27
Suppose 2*t + 4*j = -369 + 333, 5*t + 40 = -5*j. Let l(i) be the third derivative of i**6/40 + i**5/30 - i**4/12 - i**3/6 + i**2. Determine l(t).
27
Suppose -73*j + 375 = 229. Let f(v) = -8*v - 6. Give f(j).
-22
Let h(n) = -n. Suppose 67 = g + 66. Let x(s) = 12. Let o(l) = g*x(l) - h(l). Calculate o(-11).
1
Let x(c) = -c**2 - 15*c + 5. Let t(r) = r**2 + 14*r - 4. Let i = -84 - -100. Let n = -10 + i. Let q(j) = n*t(j) + 5*x(j). What is q(-7)?
-13
Let s(t) = -5*t**2 - 3*t - 2. Suppose -346 = -17*x - 156*x. Determine s(x).
-28
Let l(u) = -29 - 174*u + 291 - 184*u + 351*u. Calculate l(36).
10
Let g(v) = v + 4. Suppose 13*q - 18*q = -25, 0 = -2*k - 4*q + 12. Let m be k + 7 + -9 - -9. Determine g(m).
7
Let c = 14857 - 14857. Let f(i) = -i**3 + i**2 + 7*i + 5. What is f(c)?
5
Let x(d) = -d**2 + d - 7. Suppose 1 + 2 = -b - p, -b + 3*p = -13. Let u(n) = n. Let r = -202 - -199. Let o(w) = b*x(w) + r*u(w). What is o(-5)?
-22
Let u(n) = -n - 10. Let i be u(-8). Suppose -4*v = -2*t + 4, 0*v = 3*t - 2*v - 10. Let h(z) = -z**2 + t*z + 6*z - 22*z + 14*z + 2. Calculate h(i).
-6
Let a = -4213 + 4216. Let z(x) = x**3 + 2*x**2 - 8*x + 4. Give z(a).
25
Let u(o) = o**3 + 3*o**2 + 3*o - 19. Let d(h) = 3*h**3 + 8*h**2 + 8*h - 58. Let b = -1 - -9. Suppose 3*g + 12 = -g. Let t(f) = b*u(f) + g*d(f). Give t(0).
22
Let s(j) = j**3 - j**2 - 18*j - 28. Let d(f) = -f**3 + f**2 + 13*f + 21. Let x(p) = 11*d(p) + 8*s(p). What is x(2)?
-7
Let z(y) = 5*y + 221129*y**2 - 442269*y**2 + 221140*y**2 - 5 - y**3. Give z(2).
-3
Let p(j) = j**3 + 11*j**2 + 7*j + 2. Let w(i) = i**3 + 13*i**2 + 8*i + 2. Let z(r) = -6*p(r) + 5*w(r). Calculate z(-2).
6
Let l(n) = 5*n + 1. Let q be l(4). Suppose 4*a = 5*h + a - q, a = -h + 9. Suppose 0 = -4*s + h*s - 3*x - 23, -4*s + 26 = -2*x. Let i(b) = -b + 2. What is i(s)?
-2
Let s(j) = 4 + 0 - j - 3. Let t(m) = m**3 + 9*m**2 + 28*m + 387. Let n be t(-10). Give s(n).
-6
Let d(h) = h**2 + h. Let j(c) = 3*c**3 + 14*c**2 - 8*c + 4. Let r(b) = d(b) - j(b). Give r(-5).
1
Let k(y) be the first derivative of -y**4/4 + 13*y**3/3 - 9*y**2 - 40*y - 1704. Determine k(11).
4
Let r(k) be the second derivative of k**4/12 - 4*k**3/3 - 19*k**2 + 19*k. Let j(o) be the first derivative of r(o). Suppose 0 = 5*z + 3 - 33. Calculate j(z).
4
Let w(m) = -17*m**3 + m**2 - 14*m + 22. Let q(l) = 11*l**3 - l**2 + 9*l - 14. Let f = -267 + 259. Let p(x) = f*q(x) - 5*w(x). Calculate p(2).
-14
Let f be -3*(-2)/(-63) - (-7268)/53088. Let z(g) be the third derivative of -6*g**2 + f*g**4 + 1/3*g**3 + 0 + 0*g. Give z(-4).
-2
Let w = -14061 + 14054. Let z(p) = -36*p**2 - 252*p - 10. Give z(w).
-10
Suppose 11 - 5 = -3*y. Let l(b) be the second derivative of 5*b**4/12 + b**3/3 + b**2 + 14424*b. What is l(y)?
18
Let h(v) = -73*v - 79. Let q = -11443 + 11442. Calculate h(q).
-6
Suppose -5*c - 68*x - 24 = -67*x, -4*c + 4*x = 48. Let n(p) = -3*p**2 - 10*p + 11. What is n(c)?
-37
Let w(o) = -28*o**2 + 1. Let a = -134 + 144. Let d = -9 + a. Calculate w(d).
-27
Let f(c) = c**3 + 5*c**2 - 2*c + 6. Let t = -178 + 306. Let b = t - 134. Calculate f(b).
-18
Suppose 0 = -3*y - 5*j - 5, 7 - 5 = -2*y - 2*j. Let s(q) = 9 - 5 + q**2 + q - 2*q. Give s(y).
4
Let c(o) = o**2 - 8*o - 33. Suppose 9*r - 22 = 43 + 43. Give c(r).
15
Let d(a) be the third derivative of a**4/3 + 157*a**3/6 - 93*a**2. Let n be d(-19). Let x(s) = s**2 - 6*s. Give x(n).
-5
Suppose 2479*u = 2513*u + 68. Let c(j) = 13*j**2 - 6*j - 13. Give c(u).
51
Suppose -20*g - 12 = -22*g. Suppose -g*f + 6 = -5*f. Let q(u) = -f - 5*u - u**2 - 7*u + 3*u. Calculate q(-4).
14
Let o(h) = 8461 - h**2 + 2*h - 8469 - 5*h. Determine o(-1).
-6
Let t = -552 + 558. Let n(h) = -823*h - 7*h**2 - h**3 + 831*h + 2*h**3 + 4. What is n(t)?
16
Let x(z) = z**3 - 5*z**2 - 7*z + 1. Let c be x(6). Let p(d) = -d + 68. Let a(y) = -26*y + 1638. Let i(r) = a(r) - 24*p(r). Determine i(c).
16
Let a(y) = -9*y - 1. Let w(z) = -16*z - 18. Let h(l) = 8*l + 10. Let g(f) = -7*h(f